{"id":2,"date":"2020-01-07T17:09:10","date_gmt":"2020-01-07T17:09:10","guid":{"rendered":"https:\/\/www.compboard.de\/blog\/?page_id=2"},"modified":"2020-01-07T17:30:23","modified_gmt":"2020-01-07T17:30:23","slug":"meine-motivation","status":"publish","type":"page","link":"https:\/\/www.compboard.de\/blog\/meine-motivation\/","title":{"rendered":"Meine Motivation"},"content":{"rendered":"<p>Ich betreibe die Webseite\u00a0<a title=\"Computer, Gadgets und das Internet\" href=\"https:\/\/www.compboard.de\/\">www.compboard.de<\/a>\u00a0und das dazugeh\u00f6rige Blog in meiner Freizeit, vor Allem aus pers\u00f6nlichem Interesse und Spa\u00df an technischen Ger\u00e4ten und Neuheiten. Bei den Beitr\u00e4gen lege ich weniger Wert auf technische Informationen und reine Datenwerte, die findet man \u00fcberall auf Herstellerwebseiten oder gro\u00dfen Portalen wie\u00a0<a title=\"IT-News f\u00fcr Profis\" href=\"https:\/\/www.golem.de\/handy\/\" target=\"_blank\" rel=\"noopener noreferrer\">golem<\/a>. Interessant sind meines Erachtens eher Probleml\u00f6sungen, hilfreiche Tipps und Hinweise zur vorteilhafteren oder einfacheren Nutzung. Oftmals ergeben sich diverse kleinere Probleme oder es gibt bestimmte Feinheiten, auf die man erst nach l\u00e4ngerer Nutzung kommt. So will ich den Lesern einerseits helfen bessere Entscheidungen vor dem Kauf zu treffen, als auch die gekauften Produkte mit gr\u00f6\u00dferer Freude nutzen zu k\u00f6nnen.<\/p>\n<p>H\u00e4ufig habe ich selbst ein Problem (<a title=\"Mit welchen Programmen kann man PDF-Dateien bearbeiten?\" href=\"https:\/\/web.archive.org\/web\/20190129135145\/http:\/\/www.compboard.de\/blog\/mit-welchen-programmen-kann-man-pdf-dateien-bearbeiten\/\">Mit welchen Programmen kann man PDF-Dateien bearbeiten?<\/a>) und freue mich dann, wenn ich es anderen mit \u00e4hnlichen Problemen, nach l\u00e4ngerer Suche in Foren und Blogs, einfacher machen kann, indem ich meine Probleml\u00f6sung kurz in einem neuen Beitrag ver\u00f6ffentliche.<\/p>\n<p>Insbesondere bei Handys und Handyvertr\u00e4gen ist mir irgendwann aufgefallen (nachdem ich jahrelang zu den Filialen der Provider in die Innenstadt gegangen bin oder nach dem Kauf meinen Vertrag \u00fcber die Hotline verl\u00e4ngert habe), dass man aus Bequemlichkeit und\/oder Unwissenheit meist viel mehr als n\u00f6tig bezahlt. Aber selbst nachdem ich h\u00e4ufiger selber recherchiert habe, konnten mich die Damen und Herren an der Hotline doch wieder zu einer ung\u00fcnstigen Vertragsverl\u00e4ngerung \u00fcberreden. Irgendwie gibt es da wohl so eine Stelle im Hinterkopf, die davon ausgeht, dass sich Verk\u00e4ufer oder Hotliner von Berufs wegen auskennen und einen somit dazu verleitet, den Versprechungen und vermeintlichen Ratschl\u00e4gen (\u201eDer neue Tarif ist unschlagbar billig, da zahlen Sie nur xxx und bekommen ja noch yyy dazu\u201c\u2026) Glauben zu schenken.<\/p>\n<p>Ich h\u00f6re und erfahre oft genug von Freunden und Bekannten, dass es ihnen \u00e4hnlich ergangen ist und sie sich \u00e4rgern, vorher nicht ausreichend informiert gewesen zu sein. Andere zahlten jahrelang Minutenpreise von \u00fcber 50 Cent ohne sich im geringsten daran zu st\u00f6ren, oder zu wissen, dass Mobiltelefonieren auch f\u00fcr weniger als 10 Cent pro Minute m\u00f6glich ist. Aus diesem Grund m\u00f6chte ich \u201ewachr\u00fctteln\u201c und aufzeigen, wie es billiger und bequemer geht.<\/p>\n<p>Wenn man schon einige Erfahrungen gemacht hat ist es selbstverst\u00e4ndlich viel einfacher. Wer beispielsweise vor einer anstehenden Vertragsverl\u00e4ngerung k\u00fcndigt, wird garantiert von einem Mitarbeiter aus der Kundenbindungsabteilung angerufen und bekommt ein\u00a0<a title=\"Bonus bei o2-Vertragsverl\u00e4ngerung\" href=\"https:\/\/web.archive.org\/web\/20190129135145\/http:\/\/www.compboard.de\/blog\/o2-vertrag-verlngern-und-ipod-bekommen\/\">viel besseres Angebot<\/a>\u00a0gemacht. Nur muss man das ja erst mal erfahren haben\u2026<\/p>\n<p>Da ich das ganze wie bereits erw\u00e4hnt aus Spa\u00df an der Freunde mache, \u00fcbersehe ich nat\u00fcrlich auch das ein oder andere und freue mich deshalb, wenn ihr mich auf eure Entdeckungen und Erfahrungen hinweist! Dazu gibt es die Kommentarfunktion, aber auch das Kontaktformular oder eine E-Mail.\u00a0\ud83d\ude09<\/p>\n","protected":false},"excerpt":{"rendered":"<p>Ich betreibe die Webseite\u00a0www.compboard.de\u00a0und das dazugeh\u00f6rige Blog in meiner Freizeit, vor Allem aus pers\u00f6nlichem Interesse und Spa\u00df an technischen Ger\u00e4ten und Neuheiten. Bei den Beitr\u00e4gen lege ich weniger Wert auf technische Informationen und reine Datenwerte, die findet man \u00fcberall auf Herstellerwebseiten oder gro\u00dfen Portalen wie\u00a0golem. Interessant sind meines Erachtens eher Probleml\u00f6sungen, hilfreiche Tipps und Hinweise&#8230;<\/p>\n","protected":false},"author":1,"featured_media":0,"parent":0,"menu_order":0,"comment_status":"closed","ping_status":"closed","template":"","meta":{"_kad_post_transparent":"","_kad_post_title":"","_kad_post_layout":"","_kad_post_sidebar_id":"","_kad_post_content_style":"","_kad_post_vertical_padding":"","_kad_post_feature":"","_kad_post_feature_position":"","_kad_post_header":false,"_kad_post_footer":false,"_kad_post_classname":"","footnotes":""},"class_list":["post-2","page","type-page","status-publish","hentry"],"_links":{"self":[{"href":"https:\/\/www.compboard.de\/blog\/wp-json\/wp\/v2\/pages\/2","targetHints":{"allow":["GET"]}}],"collection":[{"href":"https:\/\/www.compboard.de\/blog\/wp-json\/wp\/v2\/pages"}],"about":[{"href":"https:\/\/www.compboard.de\/blog\/wp-json\/wp\/v2\/types\/page"}],"author":[{"embeddable":true,"href":"https:\/\/www.compboard.de\/blog\/wp-json\/wp\/v2\/users\/1"}],"replies":[{"embeddable":true,"href":"https:\/\/www.compboard.de\/blog\/wp-json\/wp\/v2\/comments?post=2"}],"version-history":[{"count":3,"href":"https:\/\/www.compboard.de\/blog\/wp-json\/wp\/v2\/pages\/2\/revisions"}],"predecessor-version":[{"id":5,"href":"https:\/\/www.compboard.de\/blog\/wp-json\/wp\/v2\/pages\/2\/revisions\/5"}],"wp:attachment":[{"href":"https:\/\/www.compboard.de\/blog\/wp-json\/wp\/v2\/media?parent=2"}],"curies":[{"name":"wp","href":"https:\/\/api.w.org\/{rel}","templated":true}]}}